{"id":927,"date":"2026-04-02T11:56:57","date_gmt":"2026-04-02T09:56:57","guid":{"rendered":"https:\/\/ma-boutique-club.com\/olympicclabecq\/?post_type=product&#038;p=927"},"modified":"2026-04-02T14:30:53","modified_gmt":"2026-04-02T12:30:53","slug":"sweat-ziptop-teamliga26","status":"publish","type":"product","link":"https:\/\/ma-boutique-club.com\/olympicclabecq\/?product=sweat-ziptop-teamliga26","title":{"rendered":"Sweat ziptop teamLiga26"},"content":{"rendered":"<div class=\"mb-6\">\n<p>Boostez les performances de votre \u00e9quipe avec le haut d&rsquo;entra\u00eenement Puma TeamLIGA 26 \u00e0 col zipp\u00e9, con\u00e7u pour celles et ceux qui exigent style et fonctionnalit\u00e9. Fabriqu\u00e9 en molleton 100 % polyester recycl\u00e9, ce haut garantit un confort et une durabilit\u00e9 optimaux, permettant aux athl\u00e8tes de se concentrer pleinement sur leur jeu. Sur le terrain comme en dehors, appr\u00e9ciez l&rsquo;alliance parfaite entre performance et style.<\/p>\n<\/div>\n","protected":false},"excerpt":{"rendered":"<p>Boostez les performances de votre \u00e9quipe avec le haut d&rsquo;entra\u00eenement Puma TeamLIGA 26 \u00e0 col zipp\u00e9, con\u00e7u pour celles et [&hellip;]<\/p>\n","protected":false},"featured_media":920,"template":"","meta":{"_uag_custom_page_level_css":"","site-sidebar-layout":"default","site-content-layout":"","ast-site-content-layout":"default","site-content-style":"default","site-sidebar-style":"default","ast-global-header-display":"","ast-banner-title-visibility":"","ast-main-header-display":"","ast-hfb-above-header-display":"","ast-hfb-below-header-display":"","ast-hfb-mobile-header-display":"","site-post-title":"","ast-breadcrumbs-content":"","ast-featured-img":"","footer-sml-layout":"","theme-transparent-header-meta":"default","adv-header-id-meta":"","stick-header-meta":"","header-above-stick-meta":"","header-main-stick-meta":"","header-below-stick-meta":"","astra-migrate-meta-layouts":"set","ast-page-background-enabled":"default","ast-page-background-meta":{"desktop":{"background-color":"var(--ast-global-color-5)","background-image":"","background-repeat":"repeat","background-position":"center center","background-size":"auto","background-attachment":"scroll","background-type":"","background-media":"","overlay-type":"","overlay-color":"","overlay-opacity":"","overlay-gradient":""},"tablet":{"background-color":"","background-image":"","background-repeat":"repeat","background-position":"center center","background-size":"auto","background-attachment":"scroll","background-type":"","background-media":"","overlay-type":"","overlay-color":"","overlay-opacity":"","overlay-gradient":""},"mobile":{"background-color":"","background-image":"","background-repeat":"repeat","background-position":"center center","background-size":"auto","background-attachment":"scroll","background-type":"","background-media":"","overlay-type":"","overlay-color":"","overlay-opacity":"","overlay-gradient":""}},"ast-content-background-meta":{"desktop":{"background-color":"var(--ast-global-color-4)","background-image":"","background-repeat":"repeat","background-position":"center center","background-size":"auto","background-attachment":"scroll","background-type":"","background-media":"","overlay-type":"","overlay-color":"","overlay-opacity":"","overlay-gradient":""},"tablet":{"background-color":"var(--ast-global-color-4)","background-image":"","background-repeat":"repeat","background-position":"center center","background-size":"auto","background-attachment":"scroll","background-type":"","background-media":"","overlay-type":"","overlay-color":"","overlay-opacity":"","overlay-gradient":""},"mobile":{"background-color":"var(--ast-global-color-4)","background-image":"","background-repeat":"repeat","background-position":"center center","background-size":"auto","background-attachment":"scroll","background-type":"","background-media":"","overlay-type":"","overlay-color":"","overlay-opacity":"","overlay-gradient":""}}},"product_cat":[41],"product_tag":[],"yoast_head":"<!-- This site is optimized with the Yoast SEO plugin v21.5 - https:\/\/yoast.com\/wordpress\/plugins\/seo\/ -->\n<title>Sweat ziptop teamLiga26 - Olympic Clabecq<\/title>\n<meta name=\"robots\" content=\"index, follow, max-snippet:-1, max-image-preview:large, max-video-preview:-1\" \/>\n<link rel=\"canonical\" href=\"https:\/\/ma-boutique-club.com\/olympicclabecq\/?product=sweat-ziptop-teamliga26\" \/>\n<meta property=\"og:locale\" content=\"fr_FR\" \/>\n<meta property=\"og:type\" content=\"article\" \/>\n<meta property=\"og:title\" content=\"Sweat ziptop teamLiga26 - Olympic Clabecq\" \/>\n<meta property=\"og:description\" content=\"Boostez les performances de votre \u00e9quipe avec le haut d&rsquo;entra\u00eenement Puma TeamLIGA 26 \u00e0 col zipp\u00e9, con\u00e7u pour celles et [&hellip;]\" \/>\n<meta property=\"og:url\" content=\"https:\/\/ma-boutique-club.com\/olympicclabecq\/?product=sweat-ziptop-teamliga26\" \/>\n<meta property=\"og:site_name\" content=\"Olympic Clabecq\" \/>\n<meta property=\"article:modified_time\" content=\"2026-04-02T12:30:53+00:00\" \/>\n<meta property=\"og:image\" content=\"https:\/\/ma-boutique-club.com\/olympicclabecq\/wp-content\/uploads\/sites\/112\/2025\/06\/659724-06.png\" \/>\n\t<meta property=\"og:image:width\" content=\"800\" \/>\n\t<meta property=\"og:image:height\" content=\"800\" \/>\n\t<meta property=\"og:image:type\" content=\"image\/png\" \/>\n<meta name=\"twitter:card\" content=\"summary_large_image\" \/>\n<meta name=\"twitter:label1\" content=\"Dur\u00e9e de lecture estim\u00e9e\" \/>\n\t<meta name=\"twitter:data1\" content=\"1 minute\" \/>\n<script type=\"application\/ld+json\" class=\"yoast-schema-graph\">{\"@context\":\"https:\/\/schema.org\",\"@graph\":[{\"@type\":\"WebPage\",\"@id\":\"https:\/\/ma-boutique-club.com\/olympicclabecq\/?product=sweat-ziptop-teamliga26\",\"url\":\"https:\/\/ma-boutique-club.com\/olympicclabecq\/?product=sweat-ziptop-teamliga26\",\"name\":\"Sweat ziptop teamLiga26 - Olympic Clabecq\",\"isPartOf\":{\"@id\":\"https:\/\/ma-boutique-club.com\/olympicclabecq\/#website\"},\"datePublished\":\"2026-04-02T09:56:57+00:00\",\"dateModified\":\"2026-04-02T12:30:53+00:00\",\"breadcrumb\":{\"@id\":\"https:\/\/ma-boutique-club.com\/olympicclabecq\/?product=sweat-ziptop-teamliga26#breadcrumb\"},\"inLanguage\":\"fr-FR\",\"potentialAction\":[{\"@type\":\"ReadAction\",\"target\":[\"https:\/\/ma-boutique-club.com\/olympicclabecq\/?product=sweat-ziptop-teamliga26\"]}]},{\"@type\":\"BreadcrumbList\",\"@id\":\"https:\/\/ma-boutique-club.com\/olympicclabecq\/?product=sweat-ziptop-teamliga26#breadcrumb\",\"itemListElement\":[{\"@type\":\"ListItem\",\"position\":1,\"name\":\"Accueil\",\"item\":\"https:\/\/ma-boutique-club.com\/olympicclabecq\/\"},{\"@type\":\"ListItem\",\"position\":2,\"name\":\"Boutique\",\"item\":\"https:\/\/ma-boutique-club.com\/olympicclabecq\/\"},{\"@type\":\"ListItem\",\"position\":3,\"name\":\"Sweat ziptop teamLiga26\"}]},{\"@type\":\"WebSite\",\"@id\":\"https:\/\/ma-boutique-club.com\/olympicclabecq\/#website\",\"url\":\"https:\/\/ma-boutique-club.com\/olympicclabecq\/\",\"name\":\"Olympic Clabecq\",\"description\":\"Ma Boutique Club\",\"publisher\":{\"@id\":\"https:\/\/ma-boutique-club.com\/olympicclabecq\/#organization\"},\"potentialAction\":[{\"@type\":\"SearchAction\",\"target\":{\"@type\":\"EntryPoint\",\"urlTemplate\":\"https:\/\/ma-boutique-club.com\/olympicclabecq\/?s={search_term_string}\"},\"query-input\":\"required name=search_term_string\"}],\"inLanguage\":\"fr-FR\"},{\"@type\":\"Organization\",\"@id\":\"https:\/\/ma-boutique-club.com\/olympicclabecq\/#organization\",\"name\":\"Olympic Clabecq\",\"url\":\"https:\/\/ma-boutique-club.com\/olympicclabecq\/\",\"logo\":{\"@type\":\"ImageObject\",\"inLanguage\":\"fr-FR\",\"@id\":\"https:\/\/ma-boutique-club.com\/olympicclabecq\/#\/schema\/logo\/image\/\",\"url\":\"https:\/\/ma-boutique-club.com\/olympicclabecq\/wp-content\/uploads\/sites\/112\/2026\/04\/cropped-OL-Clabecq.png\",\"contentUrl\":\"https:\/\/ma-boutique-club.com\/olympicclabecq\/wp-content\/uploads\/sites\/112\/2026\/04\/cropped-OL-Clabecq.png\",\"width\":584,\"height\":596,\"caption\":\"Olympic Clabecq\"},\"image\":{\"@id\":\"https:\/\/ma-boutique-club.com\/olympicclabecq\/#\/schema\/logo\/image\/\"}}]}<\/script>\n<!-- \/ Yoast SEO plugin. -->","yoast_head_json":{"title":"Sweat ziptop teamLiga26 - Olympic Clabecq","robots":{"index":"index","follow":"follow","max-snippet":"max-snippet:-1","max-image-preview":"max-image-preview:large","max-video-preview":"max-video-preview:-1"},"canonical":"https:\/\/ma-boutique-club.com\/olympicclabecq\/?product=sweat-ziptop-teamliga26","og_locale":"fr_FR","og_type":"article","og_title":"Sweat ziptop teamLiga26 - Olympic Clabecq","og_description":"Boostez les performances de votre \u00e9quipe avec le haut d&rsquo;entra\u00eenement Puma TeamLIGA 26 \u00e0 col zipp\u00e9, con\u00e7u pour celles et [&hellip;]","og_url":"https:\/\/ma-boutique-club.com\/olympicclabecq\/?product=sweat-ziptop-teamliga26","og_site_name":"Olympic Clabecq","article_modified_time":"2026-04-02T12:30:53+00:00","og_image":[{"width":800,"height":800,"url":"https:\/\/ma-boutique-club.com\/olympicclabecq\/wp-content\/uploads\/sites\/112\/2025\/06\/659724-06.png","type":"image\/png"}],"twitter_card":"summary_large_image","twitter_misc":{"Dur\u00e9e de lecture estim\u00e9e":"1 minute"},"schema":{"@context":"https:\/\/schema.org","@graph":[{"@type":"WebPage","@id":"https:\/\/ma-boutique-club.com\/olympicclabecq\/?product=sweat-ziptop-teamliga26","url":"https:\/\/ma-boutique-club.com\/olympicclabecq\/?product=sweat-ziptop-teamliga26","name":"Sweat ziptop teamLiga26 - Olympic Clabecq","isPartOf":{"@id":"https:\/\/ma-boutique-club.com\/olympicclabecq\/#website"},"datePublished":"2026-04-02T09:56:57+00:00","dateModified":"2026-04-02T12:30:53+00:00","breadcrumb":{"@id":"https:\/\/ma-boutique-club.com\/olympicclabecq\/?product=sweat-ziptop-teamliga26#breadcrumb"},"inLanguage":"fr-FR","potentialAction":[{"@type":"ReadAction","target":["https:\/\/ma-boutique-club.com\/olympicclabecq\/?product=sweat-ziptop-teamliga26"]}]},{"@type":"BreadcrumbList","@id":"https:\/\/ma-boutique-club.com\/olympicclabecq\/?product=sweat-ziptop-teamliga26#breadcrumb","itemListElement":[{"@type":"ListItem","position":1,"name":"Accueil","item":"https:\/\/ma-boutique-club.com\/olympicclabecq\/"},{"@type":"ListItem","position":2,"name":"Boutique","item":"https:\/\/ma-boutique-club.com\/olympicclabecq\/"},{"@type":"ListItem","position":3,"name":"Sweat ziptop teamLiga26"}]},{"@type":"WebSite","@id":"https:\/\/ma-boutique-club.com\/olympicclabecq\/#website","url":"https:\/\/ma-boutique-club.com\/olympicclabecq\/","name":"Olympic Clabecq","description":"Ma Boutique Club","publisher":{"@id":"https:\/\/ma-boutique-club.com\/olympicclabecq\/#organization"},"potentialAction":[{"@type":"SearchAction","target":{"@type":"EntryPoint","urlTemplate":"https:\/\/ma-boutique-club.com\/olympicclabecq\/?s={search_term_string}"},"query-input":"required name=search_term_string"}],"inLanguage":"fr-FR"},{"@type":"Organization","@id":"https:\/\/ma-boutique-club.com\/olympicclabecq\/#organization","name":"Olympic Clabecq","url":"https:\/\/ma-boutique-club.com\/olympicclabecq\/","logo":{"@type":"ImageObject","inLanguage":"fr-FR","@id":"https:\/\/ma-boutique-club.com\/olympicclabecq\/#\/schema\/logo\/image\/","url":"https:\/\/ma-boutique-club.com\/olympicclabecq\/wp-content\/uploads\/sites\/112\/2026\/04\/cropped-OL-Clabecq.png","contentUrl":"https:\/\/ma-boutique-club.com\/olympicclabecq\/wp-content\/uploads\/sites\/112\/2026\/04\/cropped-OL-Clabecq.png","width":584,"height":596,"caption":"Olympic Clabecq"},"image":{"@id":"https:\/\/ma-boutique-club.com\/olympicclabecq\/#\/schema\/logo\/image\/"}}]}},"uagb_featured_image_src":{"full":["https:\/\/ma-boutique-club.com\/olympicclabecq\/wp-content\/uploads\/sites\/112\/2025\/06\/659724-06.png",800,800,false],"thumbnail":["https:\/\/ma-boutique-club.com\/olympicclabecq\/wp-content\/uploads\/sites\/112\/2025\/06\/659724-06-150x150.png",150,150,true],"medium":["https:\/\/ma-boutique-club.com\/olympicclabecq\/wp-content\/uploads\/sites\/112\/2025\/06\/659724-06-300x300.png",300,300,true],"medium_large":["https:\/\/ma-boutique-club.com\/olympicclabecq\/wp-content\/uploads\/sites\/112\/2025\/06\/659724-06-768x768.png",768,768,true],"large":["https:\/\/ma-boutique-club.com\/olympicclabecq\/wp-content\/uploads\/sites\/112\/2025\/06\/659724-06.png",800,800,false],"1536x1536":["https:\/\/ma-boutique-club.com\/olympicclabecq\/wp-content\/uploads\/sites\/112\/2025\/06\/659724-06.png",800,800,false],"2048x2048":["https:\/\/ma-boutique-club.com\/olympicclabecq\/wp-content\/uploads\/sites\/112\/2025\/06\/659724-06.png",800,800,false],"woocommerce_thumbnail":["https:\/\/ma-boutique-club.com\/olympicclabecq\/wp-content\/uploads\/sites\/112\/2025\/06\/659724-06-300x300.png",300,300,true],"woocommerce_single":["https:\/\/ma-boutique-club.com\/olympicclabecq\/wp-content\/uploads\/sites\/112\/2025\/06\/659724-06-600x600.png",600,600,true],"woocommerce_gallery_thumbnail":["https:\/\/ma-boutique-club.com\/olympicclabecq\/wp-content\/uploads\/sites\/112\/2025\/06\/659724-06-100x100.png",100,100,true]},"uagb_author_info":{"display_name":"Taff \/ MBC","author_link":"https:\/\/ma-boutique-club.com\/olympicclabecq\/?author=0"},"uagb_comment_info":0,"uagb_excerpt":"Boostez les performances de votre \u00e9quipe avec le haut d&rsquo;entra\u00eenement Puma TeamLIGA 26 \u00e0 col zipp\u00e9, con\u00e7u pour celles et [&hellip;]","_links":{"self":[{"href":"https:\/\/ma-boutique-club.com\/olympicclabecq\/index.php?rest_route=\/wp\/v2\/product\/927"}],"collection":[{"href":"https:\/\/ma-boutique-club.com\/olympicclabecq\/index.php?rest_route=\/wp\/v2\/product"}],"about":[{"href":"https:\/\/ma-boutique-club.com\/olympicclabecq\/index.php?rest_route=\/wp\/v2\/types\/product"}],"wp:featuredmedia":[{"embeddable":true,"href":"https:\/\/ma-boutique-club.com\/olympicclabecq\/index.php?rest_route=\/wp\/v2\/media\/920"}],"wp:attachment":[{"href":"https:\/\/ma-boutique-club.com\/olympicclabecq\/index.php?rest_route=%2Fwp%2Fv2%2Fmedia&parent=927"}],"wp:term":[{"taxonomy":"product_cat","embeddable":true,"href":"https:\/\/ma-boutique-club.com\/olympicclabecq\/index.php?rest_route=%2Fwp%2Fv2%2Fproduct_cat&post=927"},{"taxonomy":"product_tag","embeddable":true,"href":"https:\/\/ma-boutique-club.com\/olympicclabecq\/index.php?rest_route=%2Fwp%2Fv2%2Fproduct_tag&post=927"}],"curies":[{"name":"wp","href":"https:\/\/api.w.org\/{rel}","templated":true}]}}